-30
Convert 11 (base 10) to base 11.
10
Convert 10 (base 3) to base 14.
3
What is 35 (base 10) in base 5?
120
What is -342 (base 5) in base 13?
-76
10 (base 6) to base 8
6
-139 (base 10) to base 13
-a9
What is -50 (base 7) in base 5?
-120
Convert 8 (base 9) to base 14.
8
What is 13 (base 13) in base 11?
15
Convert -2043 (base 5) to base 11.
-229
Convert 12101 (base 3) to base 6.
401
Convert -18 (base 16) to base 13.
-1b
What is -11 (base 5) in base 15?
-6
What is -8 (base 16) in base 9?
-8
41 (base 9) to base 10
37
What is -5 (base 11) in base 8?
-5
Convert -16 (base 12) to base 11.
-17
What is 211 (base 3) in base 8?
26
What is -46 (base 12) in base 4?
-312
2230 (base 5) to base 2
100111011
Convert 3 (base 6) to base 7.
3
What is 10a (base 16) in base 5?
2031
Convert 18 (base 10) to base 12.
16
What is -41 (base 7) in base 8?
-35
Convert 1 (base 11) to base 8.
1
What is -9 (base 14) in base 6?
-13
Convert -201 (base 4) to base 13.
-27
What is -100 (base 2) in base 7?
-4
What is 44 (base 9) in base 5?
130
What is 75 (base 9) in base 7?
125
What is -4 (base 12) in base 6?
-4
Convert 3c (base 15) to base 16.
39
-1 (base 9) to base 13
-1
1 (base 6) to base 11
1
Convert -7 (base 15) to base 6.
-11
Convert 26 (base 7) to base 14.
16
-3 (base 6) to base 10
-3
Convert -2a (base 11) to base 14.
-24
Convert 3 (base 5) to base 2.
11
What is -102 (base 6) in base 10?
-38
-1 (base 16) to base 10
-1
What is -60 (base 7) in base 10?
-42
204 (base 8) to base 3
11220
What is -101 (base 2) in base 12?
-5
-1034 (base 5) to base 13
-b1
Convert -1011001 (base 2) to base 10.
-89
Convert -2 (base 9) to base 16.
-2
12 (base 12) to base 16
e
-26 (base 13) to base 6
-52
What is 3 (base 6) in base 4?
3
Convert 10 (base 11) to base 8.
13
34 (base 6) to base 11
20
6 (base 14) to base 3
20
What is 11001 (base 2) in base 7?
34
44 (base 7) to base 12
28
What is -14b (base 12) in base 4?
-3023
21 (base 14) to base 9
32
Convert -132 (base 7) to base 8.
-110
Convert 17 (base 8) to base 9.
16
What is -45 (base 11) in base 2?
-110001
3 (base 7) to base 12
3
Convert 124 (base 6) to base 16.
34
What is 13 (base 7) in base 5?
20
What is 14 (base 5) in base 3?
100
Convert -6 (base 10) to base 4.
-12
122 (base 3) to base 15
12
-ab (base 12) to base 13
-a1
What is -4 (base 7) in base 11?
-4
Convert 10 (base 2) to base 4.
2
What is 100010 (base 2) in base 9?
37
Convert -121 (base 11) to base 16.
-90
-1120 (base 4) to base 7
-154
Convert d (base 16) to base 12.
11
What is -37 (base 11) in base 6?
-104
What is 1000101 (base 2) in base 8?
105
321 (base 7) to base 8
242
What is 103 (base 7) in base 14?
3a
-5 (base 14) to base 16
-5
-165 (base 8) to base 5
-432
Convert 256 (base 7) to base 4.
2023
27 (base 10) to base 8
33
12 (base 5) to base 9
7
59 (base 15) to base 11
77
Convert -a (base 14) to base 6.
-14
44 (base 8) to base 4
210
Convert -3 (base 12) to base 6.
-3
Convert 18 (base 14) to base 13.
19
3 (base 6) to base 12
3
58 (base 14) to base 10
78
20 (base 12) to base 3
220
What is 5a (base 15) in base 9?
104
What is -4 (base 15) in base 10?
-4
Convert 50 (base 14) to base 2.
1000110
1e (base 15) to base 3
1002
Convert -100101 (base 2) to base 10.
-37
4 (base 10) to base 7
4
Convert 53 (base 15) to base 6.
210
What is 7 (base 14) in base 9?
7
11a (base 16) to base 4
10122
What is -1 (base 15) in base 16?
-1
What is 0 (base 2) in base 13?
0
-7a (base 16) to base 2
-1111010
What is -3 (base 16) in base 10?
-3
What is 11010 (base 2) in base 16?
1a
1000011 (base 2) to base 4
1003
Convert -17 (base 12) to base 15.
-14
Convert -3 (base 8) to base 3.
-10
What is 9 (base 13) in base 3?
100
What is 2 (base 5) in base 3?
2
Convert a9 (base 12) to base 8.
201
What is -1 (base 12) in base 3?
-1
5 (base 7) to base 16
5
-40 (base 8) to base 7
-44
Convert -5 (base 11) to base 6.
-5
-1 (base 8) to base 3
-1
-b (base 16) to base 2
-1011
-56 (base 12) to base 10
-66
What is -111 (base 8) in base 15?
-4d
What is -2 (base 16) in base 4?
-2
What is 8 (base 13) in base 6?
12
What is 2241 (base 5) in base 11?
272
Convert -18 (base 13) to base 15.
-16
Convert 29 (base 12) to base 9.
36
-8a (base 15) to base 9
-154
Convert 42 (base 5) to base 10.
22
Convert 13 (base 5) to base 3.
22
Convert 265 (base 9) to base 5.
1341
3 (base 11) to base 9
3
Convert -73 (base 13) to base 4.
-1132
Convert d (base 16) to base 7.
16
What is -b6 (base 12) in base 15?
-93
Convert 5 (base 8) to base 13.
5
What is -220 (base 3) in base 14?
-1a
-535 (base 6) to base 3
-21112
Convert -12 (base 5) to base 10.
-7
What is -56 (base 9) in base 10?
-51
-b4 (base 14) to base 6
-422
Convert -9 (base 15) to base 14.
-9
Convert -6 (base 9) to base 10.
-6
What is -204 (base 5) in base 14?
-3c
Convert -22 (base 4) to base 14.
-a
10 (base 3) to base 6
3
Convert 4 (base 10) to base 3.
11
What is -44 (base 10) in base 7?
-62
What is -41 (base 6) in base 8?
-31
Convert 4a (base 11) to base 9.
60
What is -167 (base 15) in base 16?
-142
-4 (base 10) to base 8
-4
Convert -1111101 (base 2) to base 12.
-a5
Convert 8 (base 12) to base 13.
8
3 (base 12) to base 4
3
1 (base 11) to base 15
1
Convert 11 (base 4) to base 8.
5
What is 4 (base 10) in base 2?
100
What is 1 (base 8) in base 3?
1
Convert 2 (base 6) to base 11.
2
Convert 0 (base 13) to base 2.
0
What is 156 (base 10) in base 2?
10011100
2d (base 15) to base 3
1121
-2 (base 15) to base 2
-10
Convert -40 (base 14) to base 11.
-51
3 (base 10) to base 5
3
What is 110011 (base 2) in base 12?
43
-35 (base 11) to base 2
-100110
Convert 0 (base 3) to base 12.
0
4 (base 14) to base 12
4
Convert 7 (base 13) to base 2.
111
What is -81 (base 12) in base 6?
-241
What is -97 (base 10) in base 7?
-166
52 (base 6) to base 13
26
What is 11 (base 8) in base 4?
21
-39 (base 15) to base 12
-46
-73 (base 9) to base 15
-46
-11 (base 10) to base 12
-b
What is -3 (base 11) in base 8?
-3
Convert -6 (base 16) to base 4.
-12
What is 70 (base 10) in base 7?
130
What is -10100010 (base 2) in base 8?
-242
Convert -10 (base 8) to base 11.
-8
Convert 0 (base 2) to base 9.
0
1 (base 10) to base 2
1
-6 (base 12) to base 3
-20
-12 (base 13) to base 10
-15
What is 1 (base 4) in base 11?
1
131 (base 7) to base 13
56
Convert -10 (base 9) to base 11.
-9
4 (base 7) to base 10
4
What is -153 (base 7) in base 12?
-73
Convert 4 (base 13) to base 12.
4
What is 0 (base 11) in base 14?
0
What is 2 (base 8) in base 11?
2
1210 (base 5) to base 6
500
Convert 1 (base 11) to base 8.
1
-20 (base 13) to base 8
-32
1d (base 14) to base 8
33
-201 (base 4) to base 9
-36
-204 (base 5) to base 9
-60
What is 30 (base 16) in base 12?
40
What is 1 (base 8) in base 3?
1
6 (base 8) to base 2
110
Convert -233 (base 4) to base 15.
-32
Convert -10111 (base 2) to base 16.
-17
-341 (base 6) to base 14
-97
What is 38 (base 9) in base 2?
100011
What is 1 (base 11) in base 9?
1
Convert 105 (base 12) to base 5.
1044
-4b (base 12) to base 8
-73
What is 5 (base 11) in base 8?
5
Convert 540 (base 7) to base 11.
229
What is 41 (base 6) in base 11?
23
-1011 (base 2) to base 16
-b
What is -11 (base 16) in base 5?
-32
What is -3 (base 12) in base 15?
-3
-213 (base 5) to base 6
-134
10001 (base 2) to base 12
15
What is -26 (base 7) in base 4?
-110
What is 23 (base 8) in base 2?
10011
What is -6b (base 13) in base 7?
-155
What is 16 (base 13) in base 4?
103
Convert -19 (base 16) to base 15.
-1a
Convert 1010 (base 2) to base 11.
a
What is -5 (base 7) in base 2?
-101
2 (base 8) to base 14
2
8 (base 13) to base 2
1000
What is b (base 16) in base 4?
23
Convert -2 (base 14) to base 2.
-10
-1 (base 13) to base 5
-1
What is 12 (base 5) in base 7?
10
112 (base 4) to base 9
24
What is 110 (base 2) in base 13?
6
What is -11 (base 15) in base 14?
-12
What is 14b (base 12) in base 13?
128
-120 (base 3) to base 10
-15
-b (base 15) to base 6
-15
Convert 14 (base 11) to base 8.
17
What is 188 (base 10) in base 8?
274
What is -30 (base 12) in base 8?
-44
Convert -3 (base 15) to base 16.
-3
What is 135 (base 9) in base 4?
1301
What is a (base 14) in base 8?
12
Convert -6 (base 10) to base 16.
-6
What is 6 (base 16) in base 7?
6
Convert -3 (base 14) to base 3.
-10
Convert -1a (base 12) to base 10.
-22
Convert -22 (base 5) to base 10.
-12
Convert -40 (base 13) to base 6.
-124
What is 39 (bas